is the highest common factor of c and i?
6
Let z(m) be the second derivative of -33*m**5/20 - m**2/2 + 3*m. Let k be z(-1). Calculate the highest common divisor of k and 96.
32
Let v(o) = 24*o + 1026. Let f be v(-34). Calculate the greatest common divisor of f and 240.
30
Suppose -5*n + 155 = m, 22 = -0*n + n + 2*m. Let f = 7 - 3. Let j = f - 0. Calculate the highest common divisor of j and n.
4
Let j be (-40)/6*(-12)/8. Let f be (-12)/(-30) - (-256)/j. Suppose 24*w = 738 + 822. What is the highest common factor of w and f?
13
Let j be 7470/240 + 1/(-8). Suppose g = -2*s + 7, 3*g - 2*s = 2*s + j. Calculate the greatest common divisor of g and 198.
9
Let o = -836 - -1181. What is the highest common divisor of o and 15?
15
Let o be 3/(-6)*-10 - -2. Let a(f) = 3*f + 1. Let w be a(1). Suppose -5*c - w*n + 261 = 0, -4*c - c = 3*n - 257. Calculate the highest common factor of c and o.
7
Let w = 29 - -73. What is the greatest common factor of w and 442?
34
Suppose 2*u + 2*q + 60 = 258, 2*q + 108 = u. Calculate the greatest common factor of u and 374.
34
Suppose 16*d + d = 255. Let t(n) = -3 - 10*n + 4*n + n**2 + 8. Let v be t(6). Calculate the greatest common divisor of v and d.
5
Suppose 2*z + 5*z = 0. Suppose -5*p = 4*d - 42 - 88, z = d + 5*p - 40. What is the highest common divisor of d and 15?
15
Let r(s) = s**3 + 4*s**2 + 141*s + 1140. Let a be r(-7). Suppose 14 = p + 4. What is the highest common divisor of p and a?
2
Suppose -169 = -3*c - 34. Let o(m) = 2*m - 22. Let v be o(-9). Let d be (6*(-4)/v)/(2/50). What is the highest common factor of c and d?
15
Suppose -9*v = -5*v. Let z be (7 + v)/(1 + 0). Calculate the highest common factor of z and 28.
7
Suppose 0 = -4*p + 15 + 9. Suppose 35 = 13*r - 12*r. Suppose -r - 43 = -p*j. What is the highest common divisor of 104 and j?
13
Let f(z) = 21*z - 45. Let y be f(12). What is the greatest common divisor of y and 63?
9
Let v(b) = b**3 + 6*b**2 - 3*b - 30. Let d be v(-4). What is the greatest common factor of 714 and d?
14
Let f(r) = 3*r - 6. Let h = 38 - 24. Let k be f(h). Suppose 0 = 3*a - a - k. Calculate the greatest common factor of a and 27.
9
Let a = 20 - 26. Let f = 4 - a. Let k be (-7)/((-14)/76) - -2. What is the greatest common factor of k and f?
10
Suppose -g = 2*p - 1 + 4, -5*p = 2*g + 10. Let c(a) = -5 - 3 + 10 - 2*a + 3*a**2. Let z be c(-3). Calculate the highest common divisor of g and z.
5
Suppose 164 = 5*s + 4. Calculate the greatest common divisor of s and 128.
32
Let k(w) = -w**2 + 24*w + 20. Let b be k(23). Let c be ((-258)/(-10))/(4/(-80)*-4). Calculate the greatest common factor of b and c.
43
Let r = -417 + 879. What is the highest common factor of r and 66?
66
Suppose -22*m = 17 - 83. Calculate the greatest common factor of m and 5.
1
Let f be ((-63)/12)/(9/(-60)). Suppose 3*y = 5*s + 80, -4*s + 29 = 4*y - f. What is the greatest common divisor of 10 and y?
10
Let z = -115 - -139. Let a be (2 - (-5 + 3))*6. What is the highest common factor of a and z?
24
Let r = 270 + -205. Calculate the greatest common divisor of r and 5.
5
Let g(n) = -6*n - 51. Let y be g(-12). What is the highest common factor of 189 and y?
21
Let s = -58 + 99. Let l = -35 + s. Suppose 0 = -0*j + 2*j - 96. Calculate the highest common factor of j and l.
6
Let r(g) = g**2 + 4*g + 31. Let n(a) = a**2 - 23*a + 5. Let i be n(22). Let y be r(i). Calculate the greatest common divisor of 36 and y.
36
Suppose 10*w + 5*w - 1815 = 0. Let z(x) = x**2 + 2*x - 4. Let y be z(-5). Calculate the highest common divisor of y and w.
11
Let s = -36 - -64. Suppose l + s = -2*z + 84, l = -z + 54. Calculate the highest common divisor of l and 13.
13
Let i(l) = 4*l - 86. Let r be i(27). Calculate the highest common divisor of 352 and r.
22
Suppose 3*t + 22 = v, -3*t - 2*v - 17 = 2*v. Suppose -28 = -3*c - 0*c + k, 3*c + 4*k = 38. Let a = t + c. What is the greatest common factor of 12 and a?
3
Let w be (10/3)/((-3)/9) - -2. Let j(r) = 3*r**2 + 19*r + 11. Let l be j(w). What is the highest common divisor of 34 and l?
17
Let v = 17 - -13. Let d = 2 + v. What is the highest common factor of 256 and d?
32
Let j(t) = -2*t - 17. Let h be j(-11). Suppose 28 = 3*o - 0*c + h*c, 0 = 5*o + 5*c - 30. Let k = -1 + 6. Calculate the highest common divisor of o and k.
1
Let y = -1449 + 1629. What is the highest common factor of y and 160?
20
Let r = -19 + 17. Let u = r + 4. Let k be (u/4)/(7/98). Calculate the greatest common divisor of k and 77.
7
Suppose -466*t - 665 = -473*t. Calculate the highest common factor of t and 209.
19
Let g be -3*(5/(30/(-58)) + 1). Let u be -3 - 0 - (-8)/(-1)*-2. What is the highest common factor of g and u?
13
Let b be (-3)/(-6) - 11/(-2). Suppose 37*g - 110 = 38. Calculate the greatest common divisor of g and b.
2
Let x(u) = 4*u**2 + 4*u. Let z be x(-4). Suppose 3*f - z = -f. Let l(o) = -o**2 + 14*o - 15. Let g be l(f). Calculate the greatest common divisor of 63 and g.
9
Suppose -24*y + 24 = -22*y. Suppose -6*p - 15 = -3*p. Let h = -1 - p. What is the greatest common divisor of y and h?
4
Suppose 4*o - 245 = 3*r - 8*r, 5*o - 3*r - 334 = 0. Calculate the greatest common factor of o and 52.
13
Let x = 199 - 87. Suppose 0 = 4*y + 3*v + x, -3*y - v = 38 + 41. Let o be (16/5)/((-10)/y). Calculate the greatest common divisor of o and 40.
8
Let b(i) = 3*i**2 - 13*i + 56. Let u be b(4). What is the highest common factor of u and 312?
52
Let r(a) = -6*a + 3. Let m(d) = d. Let h(g) = 5*m(g) + r(g). Let w be h(-2). Suppose w*s = s + 28. What is the greatest common divisor of 14 and s?
7
Suppose 5*f - 4*b - 179 = 0, -3*f + 101 = 3*b + b. Calculate the highest common divisor of 60 and f.
5
Let s be -4 + (5 - 6) - -17. Let l(v) = v**3 + 7*v**2 - 10*v - 10. Let q be l(-8). Calculate the greatest common divisor of s and q.
6
Let o(x) = -2*x**3 - 3*x**2 - x + 1. Let v be o(-2). Let b(l) = 0*l + 2*l**2 - 3 - 2*l - l**2. Let d be b(v). Calculate the greatest common divisor of 80 and d.
16
Let k(r) = -2*r**2 - 11*r - 14. Let z be k(-6). Let y = 33 + z. What is the highest common divisor of 130 and y?
13
Suppose -39*s = -48*s + 117. What is the highest common factor of s and 1?
1
Suppose 3*r - 4*s = 60 - 10, 0 = -2*r - 2*s + 38. Let d be 2 + -3 + r + -1. What is the highest common factor of 24 and d?
8
Let p = 178 + -112. Suppose 0 = -5*i - 2*b - 12 - 133, -b = 2*i + 58. Let h = i + 40. What is the highest common factor of p and h?
11
Let m be (-544)/(-30) + (-6)/45. Suppose -33 = -3*h - m. What is the highest common divisor of 2 and h?
1
Suppose -115*y = -110*y + 185. Let w = y - -67. Calculate the highest common divisor of 50 and w.
10
Let k be (-71)/(-4) + 32/128. Calculate the highest common factor of 144 and k.
18
Suppose -4*i + 62 = -26. Let k(r) = r**3 + 11*r**2 + 10*r + 2. Let v be k(-10). Calculate the highest common factor of v and i.
2
Suppose -105 = o - 5*s + 3*s, -5*o - 2*s - 549 = 0. Let n = -105 - o. What is the greatest common divisor of 64 and n?
4
Suppose -g = g - 16. Let k be 2*(-4)/g + 57. Suppose 15*s - k = 11*s. What is the highest common divisor of 70 and s?
14
Let h be ((-5)/(-5))/((-3)/(-15)). Suppose 65 = 2*t - h*j, t = -2*j + 2 + 17. Let b = 57 - t. What is the greatest common divisor of 16 and b?
16
Let v be ((-3 - -6)/(-12))/((-2)/104). Calculate the greatest common divisor of v and 143.
13
Suppose -4*v + 108 = 2*w, -8*w = -2*v - 12*w + 48. Calculate the greatest common factor of 133 and v.
7
Suppose 0 = -3*v - 5*n + 10*n + 5, 0 = 4*v - 2*n - 16. Let r = v - -7. What is the highest common divisor of 180 and r?
12
Let f be 3 + ((-8)/2)/(-2). Suppose -5*w = 5*h - 130, 0 = 4*w - 2*w - 6. Let a = 38 - h. What is the highest common divisor of a and f?
5
Let f = 1720 + -612. Let a = -1153 - f. Let n be a/(-38) + (-1)/(-2). Calculate the highest common divisor of n and 15.
15
Suppose 5*a - 2*q + 7*q = 25, 4*q = -a - 4. Let y(r) = -2*r - 8. Let o be y(a). Let g = -12 - o. What is the highest common factor of g and 12?
12
Let z(j) = 3*j. Let f(h) = h**3 - 7*h**2 + 8*h - 8. Let n be f(6). Let a be z(n). Let v be ((-6)/9)/((-2)/a). Calculate the highest common factor of v and 6.
2
Suppose 4*d + 6 - 2 = 4*j, 5*d = 4*j - 5. Let f = 44 - d. Let q = 37 + -19. What is the highest common divisor of f and q?
9
Let m